 divisor of l and k.
20
Suppose -2*j = 2 - 20. Suppose 0 = -3*b - w + 855, -13*b + 1425 = -8*b - 2*w. Let s = b - 186. Calculate the highest common factor of s and j.
9
Let c(p) = -22*p - 146. Let z be c(-27). Calculate the greatest common divisor of z and 42.
14
Let z(y) = -14*y - 386. Let r be z(-29). Suppose 2 = -0*x + x. Suppose 0*f = -x*f + 360. What is the greatest common divisor of r and f?
20
Let i = -28826 - -29960. Calculate the greatest common divisor of i and 2394.
126
Suppose -3*v + 350 = 5*x - 3*x, 4*x + 8 = 0. Suppose -1018 = -10*o - v. Suppose -o = -10*u + u. What is the greatest common divisor of 50 and u?
10
Let f = -160 - -166. Let t be f/(-6) + 284/4. Calculate the greatest common factor of t and 105.
35
Suppose 3*i - 4428 = -0*i. Suppose -2*l = 2*h - 1420, -2*l - h = 58 - i. What is the highest common factor of 12 and l?
12
Let u = -1449 - -2076. Suppose u = -13*m + 16*m. What is the greatest common factor of 11 and m?
11
Suppose -5*t - 25*t = 10*t - 955240. What is the greatest common divisor of 167 and t?
167
Let v = 215 + 396. Suppose -121 = -11*y, 2*f + 2*y - 6389 = -6273. What is the highest common divisor of f and v?
47
Let q = -38 - -45. Suppose 295 - q = 9*v. Let z be (-3165)/(-9) + 3/9. Calculate the greatest common factor of z and v.
32
Let k(a) be the second derivative of 2*a**3/3 - 29*a**2 + 7*a + 3. Let t be k(18). Calculate the greatest common divisor of 10 and t.
2
Let b be 1 - (-45 - (-1 - 0)). Let u(o) = -4*o**3 - 10*o**2 + 4*o - 1. Let j be u(-3). What is the highest common factor of j and b?
5
Let j be 115 - 12/48*-20. Calculate the highest common divisor of 2790 and j.
30
Let x be 460/(-552) - 226/(-12). What is the highest common factor of 174 and x?
6
Suppose -29*r + 34*r = -1940. Let k = r + 567. Let z be 0 + 1 - k/(-1). Calculate the greatest common divisor of z and 20.
20
Let c be (-1195)/(2 + -1) - 0. Let a = -1790 - c. Let u be 1/((-7)/35 + (-124)/a). Calculate the highest common divisor of 7 and u.
7
Let j be (3/((-15)/152))/(23 + (-34431)/1495). What is the greatest common divisor of j and 532?
76
Suppose -91*x = -96*x + 240. Let i be 5/(25/x) + (-58)/(-145). Suppose 7*y - 270 = i. Calculate the highest common divisor of y and 30.
10
Suppose 7*z = 9*z - 92. Let j(a) = -a**3 + 5*a**2 + 3. Let h be j(4). Let m(i) = 4*i - 7. Let x be m(h). What is the highest common divisor of z and x?
23
Suppose r - 38 = -3*a, -r + 7 + 26 = 2*a. Let q = 110 + 833. What is the greatest common divisor of q and r?
23
Let c be -4 + (1567 + 1)/(-7). Let h = -197 - c. Calculate the highest common divisor of 124 and h.
31
Suppose -l + 835 + 68 = 0. Let h = -497 + l. Calculate the greatest common factor of h and 29.
29
Suppose -d + 79 = 5*y, 1347*y - 1345*y = 3*d - 50. Suppose 0 = -l - 3*l + 32. Let p = l + 4. Calculate the highest common factor of d and p.
12
Let y = 6988 + -6079. What is the highest common factor of y and 72?
9
Let d(g) = g**3 + 40*g + 3*g**2 - 39*g - 7*g**2 + 1. Let b be d(4). Let v be (-26 - -32) + 1 + -6. What is the greatest common factor of b and v?
1
Let t(u) = 15*u**2 + 4*u - 13. Let q(d) = -13*d**2 - 3*d + 11. Let z(m) = -6*q(m) - 5*t(m). Let l be z(-3). Calculate the greatest common divisor of l and 4.
4
Let g = -1831 - -1868. What is the greatest common factor of 9509 and g?
37
Let y = 17 + -9. Let i = -376 + 381. Let b(a) = 23*a - 112. Let s be b(i). Calculate the greatest common divisor of s and y.
1
Let k = -5156 + 10001. Calculate the greatest common factor of 190 and k.
95
Suppose -7*m = -2828 - 2611. Suppose 8*r + 265 - m = 0. What is the greatest common divisor of 160 and r?
32
Suppose -5*l - 4*a + 66 = 0, 4*l - 2*a = -5*a + 52. Suppose 68 = 14*x - l*x. Suppose -338 = -x*f + 4*f. Calculate the greatest common divisor of 13 and f.
13
Let d(s) = s**3 + 7*s**2 - 4*s - 6. Let c = -8 + 33. Let t = -32 + c. Let v be d(t). What is the highest common factor of v and 22?
22
Let s(n) = n**3 - 6*n**2 - n + 4. Let v be s(5). Let m = -13 - v. Let h = 11271 + -11245. What is the greatest common factor of m and h?
13
Let d be (48/5)/((-18)/1740). Let j = -424 - d. What is the highest common factor of j and 21?
21
Let g(w) = w**3 - 20*w**2 + 34*w + 18. Let m be g(23). What is the greatest common factor of 14 and m?
7
Let t = -7355 + 21088. What is the greatest common factor of t and 93?
31
Suppose 2*l = g + 3*g - 112, -3*l + 40 = 2*g. Suppose g*x - 36 = 172. Calculate the greatest common divisor of 18 and x.
2
Let f be (52/(-12) - 2/3)*-47. Suppose 3*o - 3*v - 2*v - 287 = 0, -2*v = -2*o + 190. Calculate the highest common divisor of f and o.
47
Let m(j) = 139*j**2 - 431*j - 6. Let d be m(5). Calculate the highest common divisor of d and 730.
146
Let t = -1315 - -2301. What is the greatest common factor of t and 68?
34
Let g be 15282/15 + 13/13 + 18/90. What is the highest common factor of 120 and g?
60
Let l(a) = 20*a**2 - 35*a + 148. Let b be l(5). What is the highest common factor of 165 and b?
11
Suppose -351 - 4449 = -240*c. What is the greatest common factor of 2560 and c?
20
Suppose -3*d - 2*o = -8, -13 = 4*d - 3*o - 18. Let m be 16/d - (4 + 1). Suppose 2*y - 57 = -m*t, t = -3*t + 20. Calculate the highest common factor of y and 63.
21
Suppose 5*p + 23 = -11*l + 8*l, 4*l + 4*p = -36. Let x = l + -16. Let s be (-14)/(-4) + -3 + x/(-2). What is the greatest common divisor of 112 and s?
14
Suppose 2*g - 11 = -y, y + 0*g = 5*g - 24. Suppose -69*q + 65*q = -68*q + 192. What is the greatest common factor of q and y?
1
Let o = -684 - -2520. What is the highest common factor of 540 and o?
108
Let g be (8112/(-56) + -2)/((-2)/413). Calculate the greatest common factor of 118 and g.
118
Suppose -5*x - 2 = l, 3*l = 2*x + 3*x - 6. Let t be l/6 - (-73)/3. Suppose 25*z + 2*z - 28*z = -24. Calculate the highest common factor of z and t.
24
Suppose 0 = -7*l - 1078 - 1295. Let u = l - -356. What is the greatest common factor of 17 and u?
17
Suppose 2*p + 8 = 14. Suppose -4*u = -3*v + 908, 5*v + 816 - 2333 = p*u. What is the greatest common divisor of v and 19?
19
Let m = -7 - -26. Suppose 7*y = -m*y + 260. Calculate the highest common factor of 25 and y.
5
Let y be ((2002/44)/((-2)/12))/((-12)/16). What is the greatest common factor of 196 and y?
28
Let o = 23 + -21. Suppose o*l - 10 = 0, 4*x - 13 = 2*l + 5. What is the greatest common divisor of 21 and x?
7
Let i(s) be the third derivative of s**5/15 - s**4/6 - s**3/2 + 41*s**2. Let w be i(-3). What is the greatest common divisor of w and 5?
5
Let f = -145 + 209. Let a be -3*-1*1/1. Suppose a*c - f = -c. Calculate the highest common factor of 32 and c.
16
Let c = -73 - -77. Let x be (3/3 - (3 - c)) + 322. Calculate the highest common factor of x and 36.
36
Let w(m) = -m**2 + 48*m - 285. Let s be -76*1*(-42)/84. Let i be w(s). What is the greatest common divisor of i and 15?
5
Suppose -1112*y - 13 = -n - 1108*y, 150 = 5*n - 3*y. Suppose -4 = p + 3*p. Let h be p/(-2) + 43/2. What is the greatest common divisor of h and n?
11
Suppose -47 = -15*v + 1063. Let o = 82 - v. Calculate the highest common divisor of 1000 and o.
8
Let o = -97 + 102. Let c(x) = -9 - 5*x**2 + x**3 - 5*x + x**2 + 1 + o*x**2. Let s be c(5). What is the highest common factor of s and 26?
13
Let n(k) = 30*k**2 + 9*k - 24. Let s be n(3). Suppose 0 = -2*m - 5*t + 280, -4*m + s = t - 251. What is the highest common factor of 39 and m?
13
Suppose -2447 + 779 = -3*f + q, 12 = -4*q. Calculate the highest common divisor of f and 105.
15
Let i(n) = 18*n - 502. Let b(u) = 17*u - 501. Let f(t) = -5*b(t) + 4*i(t). Let k be f(0). Calculate the greatest common factor of k and 7.
7
Suppose 17*o - 2*o - 560 = -5*o. What is the greatest common divisor of 1036 and o?
28
Let h be ((-12210)/(-9))/11*(-27)/(-90)*5. What is the highest common factor of 1184 and h?
37
Let y = -7058 + 8367. Calculate the greatest common divisor of y and 44.
11
Let o be (-6)/24 + (-15)/4. Let r(m) = -23*m + 7. Let h be r(o). Suppose 0 = -8*i + 109 + h. Calculate the highest common divisor of 13 and i.
13
Let d(b) = b**3 - 30*b**2 - 28*b - 39. Let m be d(31). Let g be -37 + 2 + -1*3. Let v = m + g. What is the greatest common divisor of 2 and v?
2
Let h be (-35 - 0)*(-18)/15. Let i(t) = 7*t**2 + 143*t - 6396. Let j be i(-45). What 